lculate the greatest common divisor of 1338007122 and 9.
9
Calculate the highest common divisor of 302133 and 126087.
2379
Calculate the greatest common divisor of 2752911 and 14172.
3543
What is the highest common factor of 1624 and 20610996?
812
What is the greatest common divisor of 1268 and 13530194?
634
Calculate the highest common divisor of 3862820 and 6723.
83
Calculate the greatest common divisor of 477209374 and 1686.
562
What is the highest common divisor of 11286 and 16326684?
594
Calculate the greatest common factor of 50368737 and 290.
29
What is the highest common divisor of 927 and 14612301?
927
Calculate the highest common divisor of 242 and 511179746.
242
Calculate the greatest common factor of 371984235 and 105.
105
Calculate the highest common factor of 335013358 and 95.
19
Calculate the highest common divisor of 31774615 and 10.
5
Calculate the highest common factor of 90 and 12408230.
10
What is the highest common divisor of 1472 and 45075584?
1472
Calculate the highest common divisor of 399 and 19166098.
133
Calculate the greatest common divisor of 2229522472 and 152.
152
Calculate the greatest common divisor of 32679 and 979008375.
10893
Calculate the greatest common divisor of 6045 and 2254320.
465
Calculate the greatest common factor of 382911 and 21.
3
What is the greatest common divisor of 1550 and 4511275?
775
Calculate the highest common divisor of 39692972 and 6996.
2332
Calculate the highest common divisor of 41720 and 188230.
70
What is the highest common divisor of 2670 and 14824730?
890
What is the highest common factor of 851329620 and 90?
90
Calculate the highest common divisor of 36 and 332717274.
18
Calculate the highest common factor of 74965709 and 13.
13
Calculate the highest common divisor of 33040822 and 584.
146
What is the highest common factor of 211545951 and 8634?
4317
What is the greatest common factor of 13294119 and 561?
51
What is the greatest common factor of 6545301 and 6867?
21
Calculate the greatest common divisor of 57 and 25721060.
19
What is the highest common factor of 144 and 59484798?
18
Calculate the highest common divisor of 77679 and 3052908.
1233
Calculate the highest common factor of 28737 and 188664894.
927
Calculate the highest common divisor of 460 and 25440.
20
Calculate the greatest common factor of 1686 and 40854.
6
Calculate the greatest common factor of 494 and 944043386.
494
Calculate the highest common divisor of 19052 and 1315336.
44
What is the greatest common divisor of 26 and 916007846?
26
What is the highest common factor of 946164 and 132?
12
What is the highest common factor of 35950 and 112232305?
3595
Calculate the highest common factor of 16839368 and 2366.
182
What is the greatest common divisor of 195104 and 7722?
26
Calculate the highest common factor of 6 and 189229113.
3
What is the greatest common factor of 1140 and 14885170?
190
Calculate the greatest common divisor of 1031166 and 144.
18
What is the highest common factor of 8327 and 36256?
11
What is the greatest common factor of 13024 and 42317?
11
What is the greatest common factor of 27553 and 644927?
467
Calculate the highest common divisor of 6645 and 126757805.
2215
Calculate the highest common factor of 148696 and 1608.
8
What is the greatest common factor of 878801 and 28589?
1243
Calculate the highest common factor of 18934810 and 20.
10
Calculate the greatest common factor of 545702 and 182548.
1942
What is the highest common divisor of 2046 and 7161?
1023
What is the highest common factor of 3584 and 11465728?
512
Calculate the highest common divisor of 1541727 and 35235.
783
What is the highest common divisor of 172602 and 734?
2
Calculate the highest common factor of 2 and 1054258.
2
What is the greatest common factor of 91242 and 13644?
18
What is the greatest common factor of 21901300 and 1300?
100
What is the highest common factor of 2843550 and 34080?
2130
Calculate the greatest common divisor of 23623096 and 8.
8
Calculate the highest common divisor of 164669 and 4058114.
2791
What is the greatest common divisor of 81652425 and 18960?
1185
What is the highest common factor of 754237 and 4499?
11
What is the greatest common divisor of 11995681 and 4149?
461
What is the highest common factor of 1935186 and 254474?
5918
What is the highest common divisor of 219573 and 341?
31
What is the highest common divisor of 702 and 12092868?
54
What is the greatest common factor of 98379 and 1152?
9
Calculate the highest common divisor of 2601 and 275859.
153
What is the highest common divisor of 239612 and 116?
4
Calculate the greatest common factor of 1145365 and 4160.
65
Calculate the highest common divisor of 58908247 and 119.
17
Calculate the highest common divisor of 1048658 and 208.
26
What is the highest common factor of 39961950 and 200?
50
What is the highest common factor of 488 and 513148836?
244
Calculate the greatest common factor of 209032 and 2376.
8
What is the greatest common factor of 691935524 and 7?
7
Calculate the highest common divisor of 35072 and 322772.
548
What is the highest common factor of 23807 and 166516?
133
Calculate the greatest common divisor of 8016394 and 13186.
694
Calculate the greatest common factor of 70299001 and 72208.
4513
Calculate the highest common factor of 43316 and 839566.
1274
Calculate the greatest common divisor of 2527 and 855907535.
2527
What is the greatest common divisor of 3784 and 429011?
473
Calculate the highest common divisor of 6 and 140404458.
6
Calculate the greatest common divisor of 1192108 and 935.
17
Calculate the highest common divisor of 1701 and 910413.
189
What is the greatest common divisor of 31800 and 56884900?
5300
Calculate the highest common divisor of 57503792 and 85901.
2771
What is the greatest common factor of 17760 and 11959140?
2220
Calculate the highest common divisor of 572 and 248238562.
286
What is the greatest common factor of 314080 and 12?
4
Calculate the greatest common divisor of 3473 and 4913743.
23
Calculate the highest common factor of 62 and 13320731.
31
Calculate the highest common divisor of 1057 and 36993037.
151
Calculate the greatest common divisor of 3918732 and 60.
12
Calculate the highest common factor of 2842 and 410963.
49
What is the greatest common divisor of 993790 and 17815?
35
Calculate the highest common divisor of 220642529 and 1466.
733
Calculate the greatest common divisor of 4308802 and 1282.
1282
Calculate the highest common factor of 18211494 and 42.
42
Calculate the greatest common factor of 20447 and 7233569.
161
What is the greatest common divisor of 19435214 and 190?
38
Calculate the greatest common divisor of 24654 and 938658.
42
Calculate the greatest common factor of 21508021 and 4496.
281
Calculate the greatest common factor of 2643 and 2241.
3
Calculate the greatest common factor of 664880 and 280.
40
What is the greatest common divisor of 35673 and 3146055?
759
What is the greatest common factor of 111 and 13412241?
111
What is the greatest common divisor of 3035 and 5378627?
607
Calculate the highest common divisor of 385 and 2238115.
55
Calculate the highest common divisor of 1856 and 513068.
116
Calculate the greatest common divisor of 41060 and 1342060.
20
Calculate the highest common factor of 8316 and 2240392.
308
Calculate the highest common factor of 2384 and 187293.
149
Calculate the highest common divisor of 32 and 10266848.
32
What is the highest common factor of 1 and 2545163?
1
What is the greatest common divisor of 788840 and 1645280?
520
Calculate the highest common factor of 55 and 16995154.
11
Calculate the greatest common factor of 26982963 and 30632.
3829
What is the greatest common divisor of 72 and 499122900?
36
What is the highest common divisor of 151492 and 123596?
44
Calculate the greatest common divisor of 628443904 and 69.
23
Calculate the greatest common factor of 11001097 and 515768.
5861
What is the greatest common divisor of 416322420 and 5?
5
What is the highest common divisor of 50310 and 20647310?
430
What is the greatest common divisor of 538791 and 40107?
87
Calculate the highest common factor of 4104200 and 6200.
200
What is the greatest common factor of 665947637 and 5114?
2557
What is the greatest common factor of 111120495